+ 2 = -0*f. Let m be 4 + -213*2/h. Suppose p = -p - 3*z + m, -2*p - 5*z + 69 = 0. What are the prime factors of p?
2, 3, 7
Suppose 3*v = 5*w - 480, -4*w + v = -7*w + 288. List the prime factors of w.
2, 3
Let q = 1136 - -936. List the prime factors of q.
2, 7, 37
Let w be 5*(10 - 7) - 2*1. Let n = 31 - 5. Let x = n - w. What are the prime factors of x?
13
Suppose -3*k + 59 - 44 = 0. Suppose 4*j - 356 = 2*w, -k*w - 468 = -4*j - 124. What are the prime factors of j?
7, 13
Let i = -275 + 552. Suppose 4*u - 55 = i. List the prime factors of u.
83
Let k(p) = 3*p - 6. Let s be k(2). Suppose s = -7*r + 4*r + 183. What are the prime factors of r?
61
Let q(i) = 2 + 0*i**2 + 7*i + 0*i**2 + 2*i**2. Let g be (-3)/2*(21/9 + 1). What are the prime factors of q(g)?
17
Let r(v) = -v + 1. Let c be r(-1). Let w = c - -39. List the prime factors of w.
41
Let v be (-6)/4*(48/4 + 2). Let m = v + 164. List the prime factors of m.
11, 13
Suppose -36*t - 1122 = -42*t. What are the prime factors of t?
11, 17
Let v = -284 + 769. What are the prime factors of v?
5, 97
List the prime factors of (726/24)/(5 + (-1557)/312).
2, 11, 13
Let a = 277 + -262. What are the prime factors of a?
3, 5
Let l = 1580 - 693. What are the prime factors of l?
887
Let b(n) = -2*n + 537. Let h(i) = i - 179. Let f(y) = 3*b(y) + 8*h(y). What are the prime factors of f(0)?
179
Suppose 10 = -2*t + 7*t. Suppose 2*m - t*h - 58 = 0, 2*h - 107 = m - 4*m. What are the prime factors of m?
3, 11
Suppose 5*y - 40 = 5*v, -2*v - 4*y + 7 = -v. Let i be 1 + v - 7*-1. List the prime factors of (-6)/(-9) - (-238)/i.
2, 5
Suppose 4*d = 2317 - 445. What are the prime factors of d?
2, 3, 13
Suppose 7*l = 2*l + 25. Let u = -2 + l. Suppose 35 + 106 = 5*c - u*a, -75 = -3*c + 5*a. List the prime factors of c.
2, 3, 5
List the prime factors of 1/(-3) - (9 - (-16676)/(-33)).
2, 31
Let n(c) = 7*c**3 + 6*c**2 + 3*c + 3. List the prime factors of n(5).
7, 149
Suppose -38022 = -502*u + 496*u. What are the prime factors of u?
6337
Let v be 0 + -6*10/(-15). Suppose -3*x - v*u + 7 = 0, -x + 0*x + 5*u - 23 = 0. What are the prime factors of (-12)/x + -7 + 57?
2, 3
Let a(u) = 11*u**2 + 35*u + 331. List the prime factors of a(-14).
1997
Suppose 0 = 34*b - 29*b - 15. Let h(u) = -4*u + 14. List the prime factors of h(b).
2
Let c be (-3 + (-52)/(-8))*2. Let w(s) = 6*s - 4. What are the prime factors of w(c)?
2, 19
Suppose -2*l + 5*o + 130 = 0, -2*l = l + 5*o - 220. Suppose -4*w + 2*w + l = 0. List the prime factors of w.
5, 7
List the prime factors of (1 + 0)*(248 + -12).
2, 59
Let w = 231 - 167. What are the prime factors of w?
2
Let c(h) = 6*h + 8 - 40 + 22. Suppose -5*v - 20 = -0, -g + 5*v = -29. What are the prime factors of c(g)?
2, 11
Let d(x) = 3*x - 4. Let c be d(4). Suppose g - 2*t = 3*t - c, 5*g + t + 40 = 0. List the prime factors of (3 + 36/g)*-20.
2, 3, 5
Let p = -90 - -62. Let f be ((-6)/(-7)*-1)/(11/(-385)). Let d = f + p. What are the prime factors of d?
2
Suppose -1070 - 63 = -4*u + b, -4*b - 272 = -u. What are the prime factors of u?
2, 71
Let b(g) = 11*g - 2. Let y be b(-2). Let x be -1 + (y + -3)*-1. Let h = 54 - x. What are the prime factors of h?
2, 7
Suppose u = 3*u - 4. Let c = 46 + -45. Let h = c + u. List the prime factors of h.
3
Suppose 66 - 266 = 5*f. Let y = 20 + 45. Let i = f + y. List the prime factors of i.
5
Suppose -4*f = 5 - 41. Suppose q - 4*q = f. Let g = 10 + q. What are the prime factors of g?
7
Let j = 402 - 132. Suppose -3*h - 2*h - j = 0. Let w = -34 - h. What are the prime factors of w?
2, 5
Suppose -16*j + 2*n - 6080 = -18*j, j - 4*n - 3030 = 0. What are the prime factors of j?
2, 7, 31
Let u be 1*4*(-9)/6. Suppose s = 4*s + 2*c, c = -s + 1. List the prime factors of 25 + 1 - u/s.
23
Let g = 50 - -113. List the prime factors of g.
163
Let j(i) = -i**3 + 15*i**2 + 16*i - 6. Let t be j(16). What are the prime factors of -3*t/((-54)/(-231))?
7, 11
Let g be 1*(5 + (-10)/2). Suppose g = d - 76 - 121. What are the prime factors of d?
197
Let q(x) = -x**3 + 5*x**3 + 3 + 4*x + 3*x**2 - 3*x**3 + x**2. Let l be q(-3). Suppose 0 = -l*d + 2*d - 10. List the prime factors of d.
5
Let b = 3513 - 2451. List the prime factors of b.
2, 3, 59
Suppose 5*a - 2*k = 19, -3*a - 5*k - 4 = -3. Let n be (-3 - -3) + 342/a. Suppose 0 = 2*w + i - n, 2*i + 13 = -w + 67. What are the prime factors of w?
2, 29
Let i be (-3)/(-2)*4/6. Let t = 0 + i. What are the prime factors of (129 + t)*8/20?
2, 13
Let m(r) = 2*r**2 - 7*r - 11. Let p be m(5). Suppose 303 = h + 5*w, p*w + 1237 = 4*h - w. List the prime factors of h.
2, 7, 11
Suppose 830 = 2*u + 2*w, 7*u - 5*u = -3*w + 832. What are the prime factors of u?
7, 59
Let h(i) = 414*i**2 + i + 4. List the prime factors of h(2).
2, 3, 277
Suppose -7*v + 4*w - 1939 = -10*v, 3*v = 5*w + 1930. List the prime factors of v.
3, 5, 43
Let h = -6 - -1. Let r = 1 - h. Let m = 37 + r. List the prime factors of m.
43
Let p = -9 + 6. Let k(a) = a**2 - 3*a + 14. Let i be k(6). Let c = p + i. What are the prime factors of c?
29
Suppose 46*w - 24180 = 20*w. List the prime factors of w.
2, 3, 5, 31
Suppose -t - 12 = -3*y - 34, -26 = 3*y - 2*t. Let p be (-4)/y + 692/6. Suppose p = 7*s - 3*s. What are the prime factors of s?
29
Suppose -4*y + 3 = w, -4*w + 1 = 2*y + 17. Suppose 1 = y*i - 5. Suppose -f + 76 = 5*p, -i*f + 200 = -5*p - 8. What are the prime factors of f?
71
Let y = 93 + -205. Let g = -14 - y. List the prime factors of g.
2, 7
Let z(a) = -21*a + 81. List the prime factors of z(-10).
3, 97
Let v(o) = -5*o + 129. What are the prime factors of v(-20)?
229
Let l = 453 - 127. List the prime factors of l.
2, 163
Let a be (42/10)/((-3)/45). Let h = -45 - a. List the prime factors of ((-9)/27)/((-2)/h).
3
Let b = 1043 - 516. What are the prime factors of b?
17, 31
Let h(s) = 6*s**3 + 7*s**2 - 9*s - 4. Let z be h(-7). List the prime factors of z/16*(-4)/6.
3, 23
Let o = 1102 + -581. List the prime factors of o.
521
Let o = 34 - 26. Suppose 12 = o*j - 2*j. Suppose -198 = -j*t - t. List the prime factors of t.
2, 3, 11
Let w = 1472 + 156. List the prime factors of w.
2, 11, 37
Let r(l) = 5*l - 18. Let x be r(16). Suppose 0 = -5*m + s + 331, 4*s = -m - 0*m + x. What are the prime factors of m?
2, 3, 11
Suppose -6*y = -7*y + 2. Suppose -2*o - y*p = -342, 2*p = 3*o - o - 350. What are the prime factors of o?
173
Suppose 3*c - 8 = -w, 6 = -5*w - c + 60. Suppose -4*f = w - 671. What are the prime factors of f?
3, 5, 11
Suppose b = -3*w + 4, -6*b + 2*b + 16 = 0. Let n = w + 11. Let g = 20 - n. List the prime factors of g.
3
Let d(w) = 14*w**2 - 6*w + 3. Let j(g) = 14*g**2 - 5*g + 3. Let t(m) = -3*d(m) + 4*j(m). What are the prime factors of t(1)?
3, 5
Let x(l) = -l**3 + 54*l**2 + 90*l - 68. What are the prime factors of x(55)?
3, 619
Let u(o) = -7*o**3 - 2*o**2 - 2*o - 3. Let a(n) = n**3 - 10*n**2 + 12*n - 1. Let z be a(9). Let b = z - 28. List the prime factors of u(b).
7
Suppose 8*o - 5*o - 21 = 0. Suppose -2*t - 3*t = -10. Suppose -t*x - 25 = -5*m - o, -4*m + 2*x = -14. List the prime factors of m.
2
Suppose -9260 = -11*v + 15072. List the prime factors of v.
2, 7, 79
Let v = -18 + 23. Let r = v + 44. List the prime factors of r.
7
Let s(q) = -q**3 + 6*q**2 - 2*q + 10. Let n be s(6). Let p = 0 - n. Suppose 140 = 4*u - 4*x, x - 86 = -p*u - x. What are the prime factors of u?
3, 13
Let o = -301 + 783. Suppose 0 = -6*l + o + 340. List the prime factors of l.
137
Let p(w) = 4 - w + 3 - 1. Let i be p(3). Suppose 0 = 4*l - l - 3, 5*t + i*l - 88 = 0. List the prime factors of t.
17
Let m = -559 - -1330. List the prime factors of m.
3, 257
Suppose 3*o + 3*y - 6 = 0, -5*o = -2*y - 0 + 4. Suppose o = -4*h + 3*u + 485, -163 = -h - u - 33. List the prime factors of h.
5
Suppose 0 = -2*l - 4 + 2. Let j be ((-3 - l) + 2)/(-2). Suppose -2*d + 0*d + 35 = 3*x, j = 2*x - d - 14. List the prime factors of x.
3
Let a = -202 - -243. List the prime factors of a.
41
Let b(n) = -n**3 + 4*n**2 + 2*n. Let h(q) = -q + 21. Let k be h(0). Suppose -k*u + 18*u + 12 = 0. List the prime factors of b(u).
2
Let l = -978 + 1383. What are the prime factors of l?
3, 5
Suppose 5*s = -0*s. Suppose s = 8*i - 4*i. Suppose i = -x + 20 + 6. List the prime factors of x.
2, 13
Let q(r) = r**3 - 4*r**2 - 2*r + 4. Let w be q(5). Let p =